ns digit of d?
7
Let f = 2 + -53. Let g = 89 + f. Suppose 2*w - g = -3*o - o, w - 2*o + 1 = 0. What is the units digit of w?
9
Suppose 2*t - 4*f = 3*t - 67, f = 2*t - 170. What is the tens digit of t?
8
Let v(s) = 6*s - 5. Let x(k) = -2*k**3 - k**2 + k - 1. Let g be x(-2). Let w = g - 5. What is the units digit of v(w)?
9
Let d be (28/(-6))/((-2)/(-6)). Let l be (-2)/(-8)*-2*d. Suppose -l = -5*b + 4*z + 20, -2*z + 32 = 4*b. What is the units digit of b?
7
Let p be (6/(-4))/((-1)/(-6)). Let g(l) = l + 10. Let s be g(p). What is the units digit of (-21)/9*(-3)/s?
7
Suppose -72 = -i - 3*i. What is the tens digit of i?
1
Let q(p) = p**2 - p. Let f be q(1). Suppose 5*h - k = 166, f = -h - 2*h + 2*k + 101. What is the tens digit of h?
3
Let f(m) = -m**3 - 3*m**2 - 2*m. Let d be f(-2). Let k be 2 + (1 + d)*-4. Let p = 3 + k. What is the units digit of p?
1
Let o(l) = -l**3 + 2*l**2 + 8*l - 7. What is the units digit of o(3)?
8
Suppose -f = -0*f - 29. Let r = f - 20. Suppose 5 = 2*j - r. What is the units digit of j?
7
Suppose 4*w - 4 = 0, m - 2*w + 3 = 3*w. Suppose 3*d = -2*d - 4*a + 1, a - m = -3*d. What is the units digit of d?
1
What is the tens digit of 1/(78/(-322) + 12/42)?
2
Suppose -78 - 6 = 4*t. What is the units digit of t/(-7) - 37*-1?
0
Let h be (-1)/(-1 + 8/10). Suppose -4*q = -0*d - d - 238, 3*q = 4*d + 172. Suppose -f - f - 2*w + 30 = 0, -4*f + q = -h*w. What is the units digit of f?
5
Let g = -10 - -41. What is the units digit of g?
1
Suppose a = 3*a - 4. Suppose 0*d = -a*d + 18. Suppose -2*i = 3*f + d - 35, -2*f + i + 15 = 0. What is the units digit of f?
8
Let p(l) = -l**2 + 9*l - 7. Let j be p(6). Let n = j - 0. What is the units digit of n?
1
Suppose -1491 = -24*u + 3*u. What is the tens digit of u?
7
Let a = 5 + -4. Let r be 1 + a + -1 - -2. Suppose -r*d + 5*d + 2 = -4*o, 3*o + 5 = 2*d. What is the units digit of d?
1
Let g(q) = -q**2 - 10*q - 1. Let s be g(6). Let z = 148 + s. What is the units digit of z?
1
Suppose -2*m - 70 + 30 = 0. What is the units digit of (-178)/(-10) - 4/m?
8
What is the units digit of 2 - -2 - (-72)/6?
6
Let k = -4 - -6. Let o(r) = -r - 4*r + 4 - 3 - r**k. What is the units digit of o(-4)?
5
Let n(h) = h. Let k be n(3). Let w be (2*k/(-3))/1. What is the units digit of 0*(-1 - w) - -5?
5
Suppose 3*j + 3 = -18. Let k = j + 11. Suppose 2*x - 5*m = 9, m + k*m + 11 = 3*x. What is the units digit of x?
2
Suppose 3*d = d + 4. Let g be (0 + 0)/(d - 1). Suppose 6*m - 2*m - 8 = g. What is the units digit of m?
2
Suppose l - 5 + 2 = 0. Suppose -3*m + 6*m = -2*q + 16, q = -l*m + 14. What is the units digit of m?
4
Suppose -2*q + 5*q - 9 = -4*g, -2*g = 0. Let o be ((-9)/6)/(q/(-6)). Let r(m) = -m + 4. What is the units digit of r(o)?
1
Let r be (-3)/(0 + 3)*-11. Suppose 2*c - 3*c + r = 0. What is the tens digit of c?
1
What is the tens digit of -38*4/(-8) + -2?
1
Suppose -4*h - 2*j + 21 = -3*j, 3*h = 2*j + 22. Let o = 8 + -5. Suppose h = v + o. What is the units digit of v?
1
Let o(y) = -5*y**2 + 4*y - 2. Let c be o(2). Let n = c + 24. What is the units digit of n?
0
Let s(a) = 3 - 2*a**3 + a**3 + 2*a**3 - 11*a**2 + 2*a**2. Let d be s(9). What is the units digit of -2 - (-9)/(4 - d)?
7
Suppose 32 = -y + 136. What is the tens digit of (-16)/y + (-158)/(-13)?
1
Suppose -h = -3*t + 67, -2*t + 3*h + 26 = 7*h. Let k = -13 + t. Suppose -2*s - 5 = 4*q + s, 0 = 5*q - s - k. What is the units digit of q?
1
Let m be 0 - (12/4 + -6). Suppose 90 = m*d - 0*d. What is the units digit of d?
0
Let x = 10 - 2. What is the units digit of x?
8
Let f = -9 - -6. Suppose 0 = -d - 4*d - 10. What is the units digit of d/(-6) + (-32)/f?
1
Let k = 10 - 7. Suppose k*w - 56 + 20 = 0. Suppose 5*v - w = -4*j + 34, 3*j = -v + 40. What is the units digit of j?
4
Suppose -w + 24 = 4*n, -5*w = -w - 5*n - 96. Suppose 2*z = 3*f + w, -2*z = -4*z + 5*f + 24. What is the tens digit of z?
1
Let m(f) = -2*f - 2. Let k be m(-8). Suppose 5*l + 2*p - 59 = 0, 2*l + 0*p - k = 4*p. What is the tens digit of l?
1
Suppose 2*k - 12 = -4*b, 2*b - 7 = 3*k - 1. Suppose b*o = o + 28. What is the tens digit of o?
1
Let r(y) = -5*y + 2. What is the units digit of r(-1)?
7
Let g be (-8)/12*1*-3. Suppose -g*i + 4*j = i - 44, -15 = -5*i - 5*j. What is the units digit of 12/i*(-8)/(-6)?
2
Let i = -159 + 416. What is the tens digit of i?
5
Let x(n) = n**3 + 8*n**2 + 6*n - 5. Let a be x(-7). Suppose -a*z + 12 = -4. What is the units digit of z?
8
Let n(u) = u**3 - 13 - 2*u**3 - 5*u**2 + 8*u - 3*u**2 - u**2. What is the units digit of n(-10)?
7
Suppose 0 = 5*r + l - 17, 2*l - 2 = -r - r. Suppose 13 = v + 2*h, -2*v + 2*h - 28 = -6*v. Suppose 6 = v*j - r, 0 = -3*n - 5*j + 61. What is the tens digit of n?
1
Let d(s) = -s**2 - 2*s + 3. Let i be d(-3). What is the tens digit of 2 - ((-51)/3 - i)?
1
Let s(y) = -23*y + 3. What is the hundreds digit of s(-7)?
1
Let i = -11 - -20. Suppose i + 5 = f. What is the tens digit of f?
1
Let d(m) = -m**2 - 13*m + 13. What is the units digit of d(-7)?
5
Suppose 0*r = -4*r + 16. Suppose -2 = r*g - 66. Let s = -3 + g. What is the tens digit of s?
1
Let a = -3 + 17. Suppose 2*r - 31 - a = -b, 0 = -3*b - 2*r + 139. What is the units digit of b?
7
Let t = -7 - -7. Suppose t = -4*u + u. What is the units digit of 12 - ((u - -2) + -3)?
3
Let v be 3/(-15) + (-14)/5. What is the units digit of (v/2)/((-2)/4)?
3
Let r be (-2)/8 - 1/(-4). Suppose r = 4*g - g. Suppose j = -g*j + 10. What is the units digit of j?
0
Let f be (-6)/(-30) + 28/10. Suppose -15 + f = -3*b. What is the units digit of b?
4
Let w(z) = -z**2 - 22*z + 14. What is the tens digit of w(-21)?
3
Suppose 0*l + 16 = 4*l, -4*l + 2 = -2*m. Suppose 3*a - m*a + 72 = 0. What is the units digit of a?
8
Suppose -2 = -2*r + 4. What is the units digit of r?
3
Let y = 22 - -1. What is the tens digit of y?
2
Suppose -1 + 7 = 2*d. Suppose 5*v - 79 = -d*c, 5*c + 78 = -v + 5*v. What is the tens digit of v?
1
Suppose 4 - 163 = -3*g. What is the units digit of g?
3
Let p be 1 - 2 - 5/(-1). Suppose 4*a + 3*j + p = 0, 4*a + 3*j = 2*a - 8. Suppose 5*y - 3 = a. What is the units digit of y?
1
Suppose -5*n - 4*r = 20 - 6, 4*n - r + 7 = 0. Let i = n + 11. What is the units digit of i?
9
Let g be (54/8)/((-6)/(-16)). What is the units digit of (-2)/((-3)/g*4)?
3
Let j = -11 - -16. Let i be (j - 2)*4/6. What is the tens digit of (0 - 5)/((-1)/i)?
1
Suppose 3*f + 2*f = 270. What is the units digit of f?
4
Let j(s) = -3*s - 4. Let u be 14/(-1) + (7 - 6). What is the units digit of j(u)?
5
Let a = -14 - -55. What is the units digit of a?
1
What is the units digit of 1750/(-28)*8/(-10)*1?
0
Let y = -7 + 3. Let p(u) = -u + 3. Let k(v) = -v + 2. Let d(i) = y*k(i) + 3*p(i). What is the units digit of d(0)?
1
Let p(c) be the first derivative of -3*c**2/2 - 3*c - 3. Let y = 1 + -3. What is the units digit of p(y)?
3
What is the tens digit of 160*8*(-1)/(-10)?
2
Let f = 2 - -1. Let p(g) = -3*g + 4*g + f - 2. What is the units digit of p(3)?
4
Suppose 0 = 4*q - a - 116, -4*q - 4*a + 44 + 72 = 0. What is the tens digit of q?
2
Suppose -2*i - 5*b - 67 + 227 = 0, i - 2*b = 62. What is the units digit of (i/(-4))/(-5)*2?
7
Let w(m) = m**2 + 5*m - 5. Let n be w(-5). Suppose -y - 4*i - 16 = 0, 2*y + 0*i + 24 = -4*i. What is the units digit of 20/8*y/n?
4
Let a = 143 - 35. What is the tens digit of a?
0
Suppose 2*w = -0*w - 2*m + 792, -3*m - 1218 = -3*w. What is the hundreds digit of w?
4
Let t be (-5 - -2) + 6/1. Suppose -t*d = d - 56. What is the tens digit of d/63 + (-338)/(-18)?
1
What is the units digit of 121 + (3*-4)/4?
8
Suppose 3*u - 129 - 37 = -2*s, 5*u = 4*s + 240. Let j = u - 78. Let b = -12 - j. What is the tens digit of b?
1
Suppose b + 2*h - 1 = 0, b - 5*h = 7 + 29. What is the tens digit of b?
1
Suppose y = 4*h - 19, -3*y + 2*h - 12 = -5*y. What is the units digit of y?
1
Let d = 59 + -101. Let k be d/(-4)*12/(-18). What is the units digit of (-2)/k - 15/(-21)?
1
Let c be (-6 - 3 - -1) + 3. What is the units digit of (c - 16)*(-3 + 2)?
1
Let d(s) = -139*s - 6. What is the units digit of d(-2)?
2
Suppose 2*r = -3*j + 14, 0 = 2*r + r + 15. Suppose 4*x + 36 = j*x. What is the units digit of x?
9
Let v(w) = w**2 - 10*w - 26. What is the tens digit of v(14)?
3
What is the units digit of (7/21)/(2/948)?
8
Suppose -3*h